126. What is the greatest common factor of o and 305?
61
Let z(w) = w**2 - 60*w - 454. Let p be z(67). What is the greatest common divisor of p and 12585?
15
Suppose 3*m - 392 = 559. Suppose -4*q + 11 = -m. Let p = q - 54. What is the greatest common factor of 28 and p?
28
Let a = -142 + 175. Let f(r) = -r**3 + 26*r**2 + 57*r + 5. Let q be f(28). Calculate the highest common factor of a and q.
33
Suppose 425 = -5*u - 350. Let j = u + 355. What is the highest common factor of j and 40?
40
Let c(n) = 10*n**2 + 5*n - 3. Suppose -32*v + 105 = -11*v. Let u be c(v). Calculate the greatest common divisor of 16 and u.
16
Let t = -176 + 200. Suppose 2*m = -10, -3*q + t + 796 = m. Calculate the greatest common factor of q and 22.
11
Let f(v) be the third derivative of -v**5/60 + v**4/2 - 3*v**3 + 44*v**2. Let j be f(8). What is the greatest common factor of 126 and j?
14
Suppose 8733 = 11*u - 11045. What is the highest common factor of 232 and u?
58
Let b(w) = -49*w - 758. Let j be b(-16). Calculate the highest common divisor of 35438 and j.
26
Suppose -4546 = 152*x - 12450. What is the highest common factor of x and 8?
4
Let a(v) = 5*v**3 - v**2 - 7*v - 10. Let m be a(5). Let z be -5 + -4*2/((-20)/m). Calculate the greatest common factor of z and 7.
7
Let n(o) = -o**2 + 10*o + 28. Let x be n(12). Suppose x*j - 12*j = -1016. Let i = j + 43. Calculate the greatest common factor of i and 17.
17
Let p = -8512 - -8752. What is the greatest common divisor of p and 1500?
60
Let a(r) = 5*r**2 + 6*r - 1. Suppose -4*f = -x + 1, 4*x + 3*f = 2*f - 13. Let z be a(x). What is the greatest common divisor of 104 and z?
26
Let i(l) = -43 + 14 + l**3 + 109*l**2 - 93*l**2 - 19*l. Let s be i(-17). Calculate the highest common divisor of 7 and s.
1
Let t = -241 - -235. Let h(q) = q**3 + 8*q**2 + 10*q + 2. Let k be h(t). Calculate the greatest common factor of 574 and k.
14
Let m = 4795 - 4725. Suppose -2*b - p + 109 = b, -2*b + p + 66 = 0. Calculate the greatest common divisor of m and b.
35
Suppose -2*d - 21*w + 16*w = -3, -4*w - 57 = -5*d. Calculate the highest common divisor of d and 843.
3
Let m(j) = j**3 + 12*j**2 + 4*j - 7. Let r be m(-11). Let d = r + -56. What is the greatest common divisor of 266 and d?
14
Suppose -2*a = -35*p + 40*p - 771, -2*p + 4*a + 294 = 0. What is the highest common factor of p and 1683?
153
Let p be ((-5952)/(-15) - -1)/(0 - (-1)/5). Calculate the highest common factor of 468 and p.
117
Let q be (-1)/(-17) - (-3975)/51. Calculate the highest common factor of 182 and q.
26
Let g(n) = 10*n - 11. Let z be g(5). Suppose 0 = -6*s - 105 + z. Let v = s + 19. What is the highest common factor of 12 and v?
4
Suppose 8*b - 3*b - 32 = h, 0 = 3*h + 4*b - 37. Suppose -f = -0*f - 9. Calculate the highest common factor of h and f.
3
Let q be -15*((4 - 1) + (-8)/3). Let o be 1/4 + 21*q/(-60). Suppose 4*b - 3*p - 87 = 2*p, 0 = -b + o*p + 18. What is the highest common divisor of b and 224?
28
Suppose 336 = -60*d + 76*d - 1104. Calculate the greatest common factor of d and 510.
30
Let a(v) = -v**2 + 59*v - 199. Let y be a(55). Suppose 17 = -u - 0. Let q = u + y. What is the highest common divisor of q and 10?
2
Let p = 125 - 122. Suppose -p*n - 2*n - 5*u + 895 = 0, 5*n - 4*u = 859. Calculate the highest common factor of 50 and n.
25
Suppose -80 = 31*u - 33*u. Let k(r) = -3*r**2 + 119*r - 6. Let c be k(39). Calculate the greatest common factor of c and u.
8
Suppose -3*i = -5*n + 125, n - 6*n = 3*i - 95. Let d = -46 - -92. Suppose -234 = -2*r + 4*h - d, 249 = 3*r + 5*h. What is the highest common factor of n and r?
22
Suppose 36 = 4*k + 4*c, 20 = -16*c + 12*c. Let z = 13 - 6. What is the highest common divisor of k and z?
7
Suppose -9*s + 211 = 22*s - 223. What is the highest common factor of 17206 and s?
14
Suppose 2*p + 482 = 500. Let u be (-170)/(-15) - 3/p. Calculate the highest common divisor of u and 55.
11
Suppose -4*w + 3*o = -443 + 3834, 0 = -w + 5*o - 835. Let s be (40/(-16))/(5/w). Calculate the highest common divisor of 50 and s.
25
Suppose -4*v + 6*v - 5*o = 5, 4*v + 65 = -5*o. Let d = 40 + v. What is the highest common factor of 105 and d?
15
Let h = 5356 + -5032. What is the highest common divisor of 444 and h?
12
Let t(s) = -2*s**2 + 61*s - 37. Let u be t(25). Let i = u - 178. What is the highest common factor of 90 and i?
30
Suppose 0 = 47*p - p - 3036. Calculate the greatest common divisor of 2739 and p.
33
Let i = -184 + 251. Suppose 0 = i*h - 96*h + 2146. What is the greatest common divisor of h and 4?
2
Let q(p) = -41*p**2 - 5*p + 2. Let k(h) = -79*h**2 - 9*h + 3. Let m(v) = -3*k(v) + 5*q(v). Let n be m(1). What is the highest common factor of n and 77?
7
Let g be 32 + 44 - ((-10)/35)/(2/(-28)). Calculate the highest common factor of 14 and g.
2
Let h(d) = d**3 - 2*d**2 - 8*d + 138. Let t be h(7). Calculate the highest common divisor of 1090 and t.
109
Suppose 26*m + 35 = f + 21*m, -8*m = 40. What is the greatest common divisor of 1990 and f?
10
Suppose 34569 + 36247 = 4*g - 4*u, -88538 = -5*g - 4*u. Calculate the greatest common factor of 13 and g.
13
Suppose c + 2*w = -2*c + 314, 4*c - 2*w = 400. Let j = -867 - -595. Let i be (-2 + -1)/(-6)*j/(-4). What is the highest common divisor of i and c?
34
Let b(n) = 25*n**2 - 15*n - 6. Let v be b(-3). Suppose 62*p = 51*p + v. Calculate the greatest common divisor of p and 24.
24
Let l(n) = -157*n - 104. Let x be l(-6). Let k = x - 366. What is the greatest common factor of k and 8?
8
Suppose -2725 = 40*h - 15*h. Let f = h - -417. Calculate the highest common factor of f and 44.
44
Suppose -159*m + 1287 = -6114 - 1821. Calculate the highest common factor of 20561 and m.
29
Suppose -408*r + 402*r + 1512 = 0. What is the greatest common factor of 308 and r?
28
Suppose -3*o + 3*w + 4765 + 455 = 0, 1722 = o + 5*w. What is the greatest common divisor of o and 27?
9
Let d = -5512 - -14696. Calculate the greatest common divisor of 896 and d.
224
Let q = 286 - 250. Suppose -5*d + 501 = 2*p, -5*d + 199 = -2*p - 290. What is the greatest common factor of d and q?
9
Let o(b) = 6*b. Let g(d) = 7*d + 1. Let r(j) = -2*g(j) + 3*o(j). Let w be r(1). Suppose 5*q - w*q - 102 = 0. What is the greatest common factor of q and 85?
17
Let f = -19 - -30. Let a be (-20)/(12 + -7) - -8. Suppose 5*n + 5*y = 465, 3*y = a*n - 156 - 181. Calculate the greatest common factor of f and n.
11
Let r(m) = -23*m**3 + 11*m**2 + 84*m + 40. Let x be r(-7). Calculate the highest common divisor of x and 40.
40
Let f be (-1)/4*-2*(19 + -17). Suppose 0 = 3*u - 2*u + 5*a - 16, f = -a. What is the highest common divisor of 105 and u?
21
Let a(y) = y**2 + 28*y - 481. Let p be a(-41). Calculate the highest common factor of p and 184.
4
Let b = 194 - 307. Let z = b + 183. What is the highest common factor of 50 and z?
10
Let b = 81 + -11. Suppose 5*p + i - 302 = 0, 4*i - 7*i + 6 = 0. Suppose -2*a + b = -p. Calculate the highest common divisor of a and 13.
13
Suppose 5*w = -44 + 29. Let q be 980/14 - (-2 + w). What is the greatest common factor of q and 15?
15
Let h = -39180 + 39231. Suppose -4*f + 4 + 4 = 0. Suppose 0 = -3*p - 3*a + 99, 3*p = -f*p - 4*a + 166. Calculate the greatest common factor of p and h.
17
Let y be 0*(-1 + 2) + (-51 - -53). Suppose 5*s + 15 = 5*v, -4*v - y*s + 36 = -0*v. What is the greatest common factor of 14 and v?
7
Let f(i) = -41*i + 262. Let c be f(1). What is the greatest common factor of 91 and c?
13
Let h = -11466 + 13720. What is the greatest common factor of h and 980?
98
Let h(r) = 244*r**2 + r + 15. Let b be h(-3). Calculate the greatest common factor of 192 and b.
96
Let s be 6 + -6 + (-168)/(-8). What is the greatest common factor of s and 23?
1
Suppose 3*x + x - 5*y = 255, 5*x + 3*y - 365 = 0. Suppose -4*o = 4*z - 36, 0 = -3*o + 22*z - 19*z + 33. Calculate the greatest common factor of o and x.
10
Suppose 0 = -x - d + 4*d - 8, x + 5*d = 16. Suppose 5*h + x = 146. What is the greatest common divisor of 29 and h?
29
Let u be (-168 + 0)/6*(-6032)/64. Calculate the highest common factor of u and 28.
7
Let d = -112 + 116. Suppose 4*c + 5*t = -3, -d*c + 3*t = t - 18. Calculate the greatest common divisor of 51 and c.
3
Let s(x) = x**2 - 53*x + 280. Let h be s(5). What is the highest common divisor of 3460 an